*g + 4. Let a be p(13). Suppose 0*t - 5 = -t + a*q, -3*t - 4*q + 31 = 0. What is the remainder when 35 is divided by t?
8
Suppose 0 = -2*v - 3*j - 11, 0 = 3*v - j + 6 + 5. What is the remainder when 63 is divided by (-484)/(-30) - v/(-30)?
15
Suppose 3*m = 2*b + 1, 4*m - 20 = -3*b + 4. Suppose -2*h + m*a = -8, 2*h + 5*a - 36 = a. What is the remainder when 15 is divided by h?
5
Let i = 609 + -593. What is the remainder when 67 is divided by i?
3
Suppose 3*m - 248 = -3*s - 2*m, 5*s = 5*m + 360. What is the remainder when 220 is divided by s?
68
Suppose 6*o = 4 + 20. Suppose -8*v + 48 = -o*v. What is the remainder when 33 is divided by v?
9
Suppose 0 = -0*m - 2*m. Suppose 3*d - 54 - 90 = m. Let h = -32 + d. What is the remainder when 46 is divided by h?
14
Let b = 3146 - 2852. What is the remainder when b is divided by 37?
35
Calculate the remainder when 48*(4/3)/((-116)/(-261)) is divided by 47.
3
Suppose -y + 3*y = 26. Suppose -5*b + a = -77, 0*b = -b + a + y. Calculate the remainder when 79 is divided by b.
15
Suppose -z = 4*u - 13, 0 = 2*z + z + 2*u - 69. Calculate the remainder when z is divided by 267*(-6)/(-234) - (-2)/13.
4
Let h = 59 - 57. Suppose -j + 2 + 14 = h*r, -r = -1. Calculate the remainder when 26 is divided by j.
12
Let g be 1*(-1 + 1)*-1. Suppose y - 12 = 2*u, -5*y + 3 + 12 = -u. Let i = g - u. Calculate the remainder when i is divided by 3.
2
Suppose 4*v + 4*n - 108 = 0, 4*v - 65*n - 116 = -61*n. Suppose -a - 6 = -3*a. Let q = a - -7. Calculate the remainder when v is divided by q.
8
Suppose 6 = -5*r + 1. Let z = 3 - r. Suppose -14 = -z*d + 50. What is the remainder when 31 is divided by d?
15
Suppose 6 - 30 = -6*c. Suppose c*i = -2*y - 3*y + 121, 0 = 5*y - 5. What is the remainder when (0 + 46)*10/4 is divided by i?
28
Suppose -1174 = -18*v + 158. Calculate the remainder when v is divided by (-1)/((-2)/(-76))*-1.
36
Calculate the remainder when 43 is divided by 58 + -41 + (2 - 6).
4
Suppose 0 = 4*q - 4*x - 44, -8*q + 2*x = -7*q - 6. Let d = -26 - -105. Calculate the remainder when d is divided by q.
15
Suppose 264 = -141*g + 153*g. What is the remainder when 150 is divided by g?
18
Calculate the remainder when 688 is divided by (10 - 3)/((-1)/(-11)).
72
Let u = 4 - -3. Suppose u*n - 53 = -2*a + 4*n, 0 = -4*a - 3*n + 121. What is the remainder when 100 is divided by a?
32
Let u be (-351)/6*(1 - 3). Let g be 2/(-6) + u/27. Suppose -2*w + 13 = -3*z - 4, 0 = g*w + 2*z - 26. Calculate the remainder when 14 is divided by w.
0
Let b(q) = -76*q**2 + 4*q - 7. Let u(s) = -75*s**2 + 4*s - 6. Let d(w) = 5*b(w) - 6*u(w). Calculate the remainder when d(-1) is divided by 19.
18
What is the remainder when 113 is divided by (4 + -2 - -4)/(3/12)?
17
Let a = 1029 + -989. What is the remainder when 245 is divided by a?
5
Suppose 3*a - 4 = a - 4*z, 4*z = -4*a + 24. Calculate the remainder when 38 is divided by a.
8
Let c(f) = f + 1. Let n(p) = -p + 1. Let x(q) = 4*c(q) - 4*n(q). Let d = -84 - -98. What is the remainder when d is divided by x(1)?
6
Let f(p) = p**3 + 7*p**2 + 4*p + 3. Suppose -5*r = -2*j + 44, -2*j + 22*r = 27*r - 24. What is the remainder when f(-5) is divided by j?
16
Let q(m) = -m**3 - 15*m**2 - 24*m - 92. What is the remainder when q(-14) is divided by 21?
6
Let h(y) = -y**2 + 7*y. Let f = -11 + 17. Calculate the remainder when h(f) is divided by 21/6*12/21.
0
Let k(w) = w**2 - 3*w**3 - 1 + 0 + 9*w**3. Suppose -4*b - 9 = -3*x + 6, 11 = 2*x - 3*b. Calculate the remainder when k(x) is divided by 4.
2
What is the remainder when 230 is divided by -2 - (-3)/((-9)/(-147))?
42
Suppose -4*p - p = -295. Suppose -2*i = -15 - p. Suppose -4*k + 23 = -i. Calculate the remainder when 74 is divided by k.
14
Suppose 5*z - f - 149 = -0*f, 5*f = -4*z + 96. What is the remainder when 212 is divided by z?
9
Let f(z) = -z**3 - z**2 + 13. Suppose -6*t + 3*t + 2*w = 8, -2*t = w - 4. Let x = -62 + 86. Calculate the remainder when x is divided by f(t).
11
Suppose -164 = -r + 2*b, 7*r - 2*r - b - 775 = 0. What is the remainder when r is divided by 39?
37
Let x be -6*1/(-2)*-38. Let q = 105 - 97. What is the remainder when x/(-4) + 8/16 is divided by q?
5
Let p be (-1)/((10/5)/(-8)). Suppose 2*u - p*r + 2*r - 66 = 0, 2*u - 38 = -5*r. Calculate the remainder when 115 is divided by u.
28
Let x = -35 + 49. Suppose x*w + 342 = 11*w. Let a = w - -165. Calculate the remainder when a is divided by 13.
12
Let i(m) = 4 + 2*m + 4 - 10 + 33*m**2. Calculate the remainder when 197 is divided by i(1).
32
Suppose -86 = -5*j - 11. Suppose 2*q + 121 = -85. Let w = -61 - q. What is the remainder when w is divided by j?
12
Let d = -39 - -55. Let f = 64 - d. What is the remainder when f is divided by 7?
6
Suppose -5*g + 3*k + 3 = 0, -k = g - 0*g - 7. Calculate the remainder when 134 is divided by g.
2
Suppose -r = -2*z - 5, -8*r = -10*r + z + 22. What is the remainder when 298 is divided by r?
12
Let i(w) = -30*w - 8. Let b be i(-2). Suppose 0 = -6*d + 260 + b. Calculate the remainder when d is divided by 11.
8
Let c(u) = 8*u - 20. Let p be c(5). Suppose -8*d + p = -4*d. What is the remainder when 6 is divided by d?
1
Suppose 208 = 16*h - 48. What is the remainder when 157 is divided by h?
13
Suppose 5*j + 7*m - 218 = 4*m, -104 = -2*j + 3*m. Suppose 33 + 57 = -9*r. Calculate the remainder when j is divided by ((-36)/(-30))/((-1)/r).
10
Suppose 3*f + 152 = 5*u - 615, f = -2*u + 298. Suppose -131*c - 17*c + 2812 = 0. What is the remainder when u is divided by c?
18
Suppose -2*s + 63 = 5*x, 5*s - 3*s = -2*x + 78. Let w = 48 - s. Calculate the remainder when (1*20 + 2)*1 is divided by w.
2
Let h = 115 - 40. Let l = h + -37. What is the remainder when l is divided by 21?
17
Let c be (6/3 - 1) + 19. What is the remainder when (-6)/(-4) + 310/c is divided by 5?
2
Suppose 0 = 3*n - p - 78, 0 = -8*n + 4*n + 3*p + 104. Suppose -n - 38 = -4*s. Calculate the remainder when 95 is divided by s.
15
Let f = 1812 - 1748. Calculate the remainder when f is divided by 26.
12
Let s(k) be the first derivative of k**3 - 5*k**2 - 8. What is the remainder when 28 is divided by s(4)?
4
Let a(u) = -u**3 - 30*u**2 - 28*u + 87. Let d(l) = l**3 + 4*l**2 + l + 4. What is the remainder when a(-29) is divided by d(-3)?
8
Let u = -840 - -2439. Let r = 943 - u. What is the remainder when 5/(-2)*r/20 is divided by 28?
26
Let o be ((-3)/(-9))/(3/18). Suppose n - 23 = 5*z, -4*n + 70 = -2*n - o*z. Calculate the remainder when 113 is divided by n.
37
Suppose 32*k = 34*k - 4. Let c(a) = -4*a + 15. Suppose -58 + 4 = -2*q. What is the remainder when q is divided by c(k)?
6
Suppose 24*l - 232 = 16*l. What is the remainder when 429 is divided by l?
23
Suppose -4*m - 4*h + 622 = -970, -5*m + 4*h + 1981 = 0. What is the remainder when m is divided by 50?
47
Suppose 5537 = 20*l + 677. What is the remainder when l is divided by 62?
57
Let u(n) be the second derivative of -n**5/20 - n**4/3 - 5*n**2/2 - 6*n. Suppose 2*x = 23 + 95. Calculate the remainder when x is divided by u(-5).
19
What is the remainder when -7*(-8)/(-8) + (-1520)/(-2) is divided by 14?
11
Let s(v) = -30*v - 850. What is the remainder when s(-32) is divided by 38?
34
Calculate the remainder when 103 is divided by 35/315 + (0 - 898/(-18)).
3
Suppose 16*w + 10*w - 156 = 0. Let u = -10 - -14. What is the remainder when (-279)/(-18) - w/u is divided by 6?
2
Suppose 8*i - 3*i = 20. Let m(d) = 3*d - 4. What is the remainder when 0/2 + 116/i is divided by m(4)?
5
Let y(r) be the first derivative of -9*r**2/2 - 17*r + 1. What is the remainder when 108 is divided by y(-5)?
24
Let m(h) = 22*h - 2. Suppose 14 = -0*l - 2*l - 4*p, 4*p + 12 = -4*l. Calculate the remainder when m(l) is divided by 11.
9
Suppose 1099 - 433 = 18*p. Calculate the remainder when p is divided by 19.
18
Let x = 1503 + -1465. Calculate the remainder when 987 is divided by x.
37
Let n(v) = 4*v + 173. Calculate the remainder when n(14) is divided by 7.
5
Suppose -4*w + b + 185 = 0, -4*w + 5*b - 2*b + 195 = 0. Calculate the remainder when 89 is divided by w.
44
Let j = 1388 + -498. Calculate the remainder when j is divided by 27.
26
Let v(a) = -2*a**2 - 4*a + 9. Let m be v(7). Let z = -110 - m. Calculate the remainder when z is divided by 7.
0
Suppose -5*z = -r - 21, -6*r + r = -2*z - 10. 